Calculate the highest common divisor of 55 and 3265.
5
What is the greatest common divisor of 2675 and 25?
25
Calculate the greatest common factor of 5040 and 36.
36
What is the greatest common factor of 544 and 34?
34
Calculate the highest common divisor of 22 and 26356.
22
What is the greatest common divisor of 5616 and 36?
36
What is the highest common divisor of 20 and 20?
20
Calculate the highest common divisor of 105 and 385.
35
Calculate the highest common factor of 104 and 128.
8
Calculate the highest common divisor of 1 and 1177.
1
What is the greatest common factor of 130 and 2951?
13
Calculate the greatest common factor of 96 and 4716.
12
Calculate the highest common factor of 342 and 17670.
114
Calculate the highest common factor of 209 and 66.
11
Calculate the greatest common divisor of 81 and 2187.
81
What is the greatest common factor of 329 and 7?
7
Calculate the highest common divisor of 26 and 8047.
13
What is the highest common divisor of 8216 and 936?
104
What is the greatest common factor of 8 and 200?
8
What is the highest common factor of 286 and 242?
22
What is the highest common divisor of 1070 and 40?
10
What is the highest common factor of 594 and 27126?
198
Calculate the highest common divisor of 1560 and 40.
40
What is the greatest common factor of 1978 and 1426?
46
Calculate the greatest common divisor of 52692 and 12.
12
Calculate the highest common divisor of 30 and 160.
10
What is the greatest common factor of 5 and 1685?
5
Calculate the highest common divisor of 13 and 91.
13
Calculate the greatest common divisor of 131 and 11.
1
Calculate the highest common divisor of 77 and 77.
77
What is the greatest common factor of 118 and 59?
59
Calculate the greatest common divisor of 44 and 2332.
44
Calculate the highest common factor of 1210 and 330.
110
Calculate the highest common factor of 6 and 84.
6
What is the greatest common factor of 311 and 4?
1
What is the highest common divisor of 56 and 791?
7
Calculate the highest common divisor of 13302 and 54.
18
Calculate the greatest common divisor of 141 and 27.
3
What is the highest common factor of 130 and 10738?
26
Calculate the highest common divisor of 2945 and 62.
31
What is the greatest common factor of 78 and 15?
3
What is the greatest common divisor of 72 and 963?
9
What is the highest common divisor of 9 and 3?
3
Calculate the greatest common divisor of 12 and 906.
6
What is the greatest common factor of 4607 and 34?
17
Calculate the greatest common divisor of 19 and 209.
19
What is the highest common factor of 783 and 87?
87
Calculate the greatest common factor of 240 and 90.
30
Calculate the highest common divisor of 532 and 3612.
28
What is the highest common divisor of 276 and 851?
23
What is the greatest common factor of 4125 and 33?
33
Calculate the highest common divisor of 2667 and 126.
21
Calculate the highest common factor of 21 and 51.
3
What is the greatest common divisor of 98 and 644?
14
Calculate the greatest common divisor of 429 and 77.
11
Calculate the highest common factor of 1065 and 135.
15
Calculate the highest common divisor of 13858 and 82.
82
Calculate the greatest common factor of 2691 and 414.
207
What is the greatest common divisor of 513 and 76?
19
What is the greatest common factor of 980 and 112?
28
Calculate the highest common divisor of 60 and 60.
60
Calculate the greatest common factor of 243 and 51.
3
What is the greatest common divisor of 518 and 28?
14
Calculate the greatest common divisor of 238 and 51.
17
Calculate the greatest common factor of 515 and 412.
103
What is the greatest common divisor of 321 and 30709?
107
What is the highest common divisor of 16 and 7976?
8
Calculate the greatest common divisor of 4730 and 44.
22
What is the highest common factor of 270 and 40?
10
Calculate the greatest common divisor of 4356 and 72.
36
What is the greatest common factor of 234 and 72?
18
Calculate the greatest common divisor of 624 and 12.
12
Calculate the highest common factor of 28 and 45164.
28
What is the greatest common factor of 2 and 106?
2
Calculate the highest common divisor of 11520 and 1792.
256
What is the highest common factor of 4002 and 87?
87
What is the highest common factor of 120 and 15?
15
What is the highest common divisor of 1025 and 82?
41
What is the highest common divisor of 2492 and 84?
28
What is the greatest common divisor of 24045 and 105?
105
What is the greatest common divisor of 4543 and 231?
77
Calculate the highest common divisor of 6734 and 182.
182
What is the greatest common divisor of 14000 and 480?
80
What is the greatest common divisor of 7419 and 3?
3
What is the highest common divisor of 603 and 1072?
67
What is the greatest common divisor of 410 and 738?
82
Calculate the highest common factor of 13552 and 1078.
154
Calculate the greatest common factor of 399 and 3.
3
Calculate the highest common divisor of 407 and 1184.
37
What is the greatest common factor of 3910 and 17?
17
Calculate the greatest common divisor of 54 and 306.
18
Calculate the greatest common factor of 111 and 777.
111
Calculate the greatest common factor of 1710 and 40.
10
What is the highest common divisor of 244 and 12?
4
Calculate the greatest common factor of 9898 and 404.
202
Calculate the greatest common factor of 8 and 200.
8
Calculate the greatest common factor of 119 and 17.
17
Calculate the highest common divisor of 320 and 2260.
20
What is the highest common divisor of 1391 and 107?
107
Calculate the highest common factor of 14 and 777.
7
Calculate the highest common divisor of 573 and 4775.
191
What is the highest common divisor of 1566 and 58?
58
What is the highest common factor of 44605 and 55?
55
What is the greatest common divisor of 100 and 750?
50
Calculate the greatest common divisor of 568 and 8.
8
Calculate the greatest common factor of 91 and 2093.
91
What is the highest common divisor of 147 and 21?
21
Calculate the highest common divisor of 414 and 966.
138
Calculate the greatest common divisor of 207 and 759.
69
What is the greatest common factor of 98 and 1358?
14
Calculate the highest common divisor of 106 and 6.
2
What is the greatest common divisor of 1276 and 132?
44
What is the greatest common divisor of 87 and 31233?
87
Calculate the greatest common factor of 29 and 124845.
29
What is the highest common divisor of 19390 and 70?
70
Calculate the greatest common factor of 1692 and 162.
18
Calculate the highest common factor of 6304 and 64.
32
What is the highest common factor of 9968 and 112?
112
Calculate the greatest common divisor of 255 and 60.
15
What is the greatest common factor of 750 and 315?
15
What is the highest common factor of 76 and 1216?
76
What is the greatest common divisor of 6119 and 1477?
211
Calculate the greatest common divisor of 66 and 6578.
22
Calculate the highest common divisor of 253 and 92.
23
What is the greatest common factor of 5 and 2?
1
Calculate the highest common factor of 12 and 282.
6
Calculate the highest common factor of 1215 and 15.
15
What is the greatest common divisor of 63 and 14217?
21
Calculate the greatest common factor of 4429 and 172.
43
What is the highest common factor of 1813 and 7?
7
What is the highest common divisor of 45531 and 9?
9
What is the highest common divisor of 24 and 16?
8
What is the highest common factor of 598 and 460?
46
Calculate the greatest common factor of 18 and 9162.
18
What is the highest common divisor of 88 and 286?
22
What is the highest common factor of 35 and 133?
7
Calculate the highest common divisor of 128 and 472.
8
What is the greatest common divisor of 8 and 1032?
8
Calculate the highest common factor of 140 and 364.
28
What is the greatest common divisor of 90 and 54?
18
What is the highest common factor of 78 and 2600?
26
What is the greatest common factor of 7875 and 50?
25
Calculate the greatest common divisor of 1530 and 27.
9
Calculate the highest common divisor of 598 and 46.
46
Calculate the greatest common factor of 8 and 8.
8
What is the highest common divisor of 52 and 949?
13
What is the greatest common factor of 468 and 45?
9
Calculate the greatest common divisor of 459 and 34.
17
What is the highest common divisor of 6682 and 26?
26
What is the highest common factor of 11 a